{"id":556,"date":"2023-02-26T21:05:53","date_gmt":"2023-02-26T21:05:53","guid":{"rendered":"http:\/\/www.orgullofriki.com\/25mayo\/?page_id=556"},"modified":"2024-05-09T13:56:29","modified_gmt":"2024-05-09T13:56:29","slug":"frikimad-by-accion-2022","status":"publish","type":"page","link":"http:\/\/www.orgullofriki.com\/25mayo\/frikimad-by-accion-2022\/","title":{"rendered":"FRIKIMAD by Acci\u00f3n 2022"},"content":{"rendered":"<nav class=\"is-responsive menu_interno wp-block-navigation is-layout-flex wp-block-navigation-is-layout-flex\" aria-label=\"Manu FrikiMAD\" \n\t\t data-wp-interactive=\"core\/navigation\" data-wp-context='{\"overlayOpenedBy\":{\"click\":false,\"hover\":false,\"focus\":false},\"type\":\"overlay\",\"roleAttribute\":\"\",\"ariaLabel\":\"Men\\u00fa\"}'><button aria-haspopup=\"dialog\" aria-label=\"Abrir el men\u00fa\" class=\"wp-block-navigation__responsive-container-open\" \n\t\t\t\tdata-wp-on--click=\"actions.openMenuOnClick\"\n\t\t\t\tdata-wp-on--keydown=\"actions.handleMenuKeydown\"\n\t\t\t><svg width=\"24\" height=\"24\" xmlns=\"http:\/\/www.w3.org\/2000\/svg\" viewBox=\"0 0 24 24\" aria-hidden=\"true\" focusable=\"false\"><path d=\"M4 7.5h16v1.5H4z\"><\/path><path d=\"M4 15h16v1.5H4z\"><\/path><\/svg><\/button>\n\t\t\t\t<div class=\"wp-block-navigation__responsive-container\"  id=\"modal-1\" \n\t\t\t\tdata-wp-class--has-modal-open=\"state.isMenuOpen\"\n\t\t\t\tdata-wp-class--is-menu-open=\"state.isMenuOpen\"\n\t\t\t\tdata-wp-watch=\"callbacks.initMenu\"\n\t\t\t\tdata-wp-on--keydown=\"actions.handleMenuKeydown\"\n\t\t\t\tdata-wp-on--focusout=\"actions.handleMenuFocusout\"\n\t\t\t\ttabindex=\"-1\"\n\t\t\t>\n\t\t\t\t\t<div class=\"wp-block-navigation__responsive-close\" tabindex=\"-1\">\n\t\t\t\t\t\t<div class=\"wp-block-navigation__responsive-dialog\" \n\t\t\t\tdata-wp-bind--aria-modal=\"state.ariaModal\"\n\t\t\t\tdata-wp-bind--aria-label=\"state.ariaLabel\"\n\t\t\t\tdata-wp-bind--role=\"state.roleAttribute\"\n\t\t\t>\n\t\t\t\t\t\t\t<button aria-label=\"Cerrar el men\u00fa\" class=\"wp-block-navigation__responsive-container-close\" \n\t\t\t\tdata-wp-on--click=\"actions.closeMenuOnClick\"\n\t\t\t><svg xmlns=\"http:\/\/www.w3.org\/2000\/svg\" viewBox=\"0 0 24 24\" width=\"24\" height=\"24\" aria-hidden=\"true\" focusable=\"false\"><path d=\"m13.06 12 6.47-6.47-1.06-1.06L12 10.94 5.53 4.47 4.47 5.53 10.94 12l-6.47 6.47 1.06 1.06L12 13.06l6.47 6.47 1.06-1.06L13.06 12Z\"><\/path><\/svg><\/button>\n\t\t\t\t\t\t\t<div class=\"wp-block-navigation__responsive-container-content\" \n\t\t\t\tdata-wp-watch=\"callbacks.focusFirstElement\"\n\t\t\t id=\"modal-1-content\">\n\t\t\t\t\t\t\t\t<ul class=\"wp-block-navigation__container is-responsive menu_interno wp-block-navigation\"><li class=\" wp-block-navigation-item wp-block-navigation-link\"><a class=\"wp-block-navigation-item__content\"  href=\"http:\/\/www.orgullofriki.com\/25mayo\/frikimad\/\"><span class=\"wp-block-navigation-item__label\">ORGULLO FRIKIMAD by ACCI\u00d3N 2023<\/span><\/a><\/li><li class=\" wp-block-navigation-item wp-block-navigation-link\"><a class=\"wp-block-navigation-item__content\"  href=\"http:\/\/www.orgullofriki.com\/25mayo\/frikimad-by-accion-2022\/\"><span class=\"wp-block-navigation-item__label\">FRIKIMAD by Acci\u00f3n 2022<\/span><\/a><\/li><li class=\" wp-block-navigation-item wp-block-navigation-link\"><a class=\"wp-block-navigation-item__content\"  href=\"http:\/\/www.orgullofriki.com\/25mayo\/frikimad-en-pildoras-2021\/\"><span class=\"wp-block-navigation-item__label\">FrikiMAD en P\u00edldoras 2021<\/span><\/a><\/li><li class=\" wp-block-navigation-item wp-block-navigation-link\"><a class=\"wp-block-navigation-item__content\"  href=\"http:\/\/www.orgullofriki.com\/25mayo\/frikimad-en-pildoras-2020\/\"><span class=\"wp-block-navigation-item__label\">FrikiMAD en P\u00edldoras 2020<\/span><\/a><\/li><li class=\" wp-block-navigation-item wp-block-navigation-link\"><a class=\"wp-block-navigation-item__content\"  href=\"http:\/\/www.orgullofriki.com\/25mayo\/frikimad-by-fandome-2019\/\"><span class=\"wp-block-navigation-item__label\">FrikiMAD by FANDOME 2019<\/span><\/a><\/li><li class=\" wp-block-navigation-item wp-block-navigation-link\"><a class=\"wp-block-navigation-item__content\"  href=\"http:\/\/www.orgullofriki.com\/25mayo\/frikimad-2018\/\"><span class=\"wp-block-navigation-item__label\">FrikiMAD 2018<\/span><\/a><\/li><li class=\" wp-block-navigation-item wp-block-navigation-link\"><a class=\"wp-block-navigation-item__content\"  href=\"http:\/\/www.orgullofriki.com\/25mayo\/frikimad-by-frikitrip-2017\/\"><span class=\"wp-block-navigation-item__label\">FrikiMAD by FRIKITRIP 2017<\/span><\/a><\/li><li class=\" wp-block-navigation-item wp-block-navigation-link\"><a class=\"wp-block-navigation-item__content\"  href=\"http:\/\/www.orgullofriki.com\/25mayo\/frikimad-2016\/\"><span class=\"wp-block-navigation-item__label\">FrikiMAD 2016<\/span><\/a><\/li><li class=\" wp-block-navigation-item wp-block-navigation-link\"><a class=\"wp-block-navigation-item__content\"  href=\"http:\/\/www.orgullofriki.com\/25mayo\/frikimad-2015\/\"><span class=\"wp-block-navigation-item__label\">FrikiMAD 2015<\/span><\/a><\/li><li class=\" wp-block-navigation-item wp-block-navigation-link\"><a class=\"wp-block-navigation-item__content\"  href=\"http:\/\/www.orgullofriki.com\/25mayo\/frikimad-2014\/\"><span class=\"wp-block-navigation-item__label\">FrikiMAD 2014<\/span><\/a><\/li><\/ul>\n\t\t\t\t\t\t\t<\/div>\n\t\t\t\t\t\t<\/div>\n\t\t\t\t\t<\/div>\n\t\t\t\t<\/div><\/nav>\n\n<div class=\"wp-block-image\">\n<figure class=\"alignleft size-full\"><img loading=\"lazy\" decoding=\"async\" width=\"300\" height=\"432\" src=\"http:\/\/www.orgullofriki.com\/25mayo\/wp-content\/uploads\/2022\/08\/cartel_ACCIONp.jpg\" alt=\"\" class=\"wp-image-195\" srcset=\"http:\/\/www.orgullofriki.com\/25mayo\/wp-content\/uploads\/2022\/08\/cartel_ACCIONp.jpg 300w, http:\/\/www.orgullofriki.com\/25mayo\/wp-content\/uploads\/2022\/08\/cartel_ACCIONp-208x300.jpg 208w\" sizes=\"auto, (max-width: 300px) 100vw, 300px\" \/><\/figure>\n<\/div>\n\n\n<p>La organizaci\u00f3n de <strong>FRIKIMAD <\/strong>corre a cargo de <strong>OrgulloFriki.com<\/strong>, junto a la revista <strong><a rel=\"noreferrer noopener\" href=\"https:\/\/www.accioncine.es\/\" data-type=\"URL\" data-id=\"https:\/\/www.accioncine.es\/\" target=\"_blank\">ACCI\u00d3N <\/a><\/strong>y la sala cinematogr\u00e1fica <strong><a rel=\"noreferrer noopener\" href=\"https:\/\/artisticmetropol.es\/web\/\" data-type=\"URL\" data-id=\"https:\/\/artisticmetropol.es\/web\/\" target=\"_blank\">Artistic Metropol.<\/a><\/strong> Se celebr\u00f3 el domingo 29 de Mayo de 2022. y siempre se celebra en las cercan\u00edas del <strong>D\u00eda del Orgullo Friki <\/strong>(25 de Mayo). <\/p>\n\n\n\n<p>Todos los beneficios generados a trav\u00e9s de <strong>FRIKIMAD<\/strong> fueron donados a la ONG <strong>FANVENCI\u00d3N<\/strong> para sus proyectos solidarios. Esta entidad, que a\u00fana el frikismo con la acci\u00f3n social ser\u00e1 la encargada de entregar estos beneficios..<\/p>\n\n\n\n<p>Para m\u00e1s informaci\u00f3n sobre FANVENCI\u00d3N, visita su <a rel=\"noreferrer noopener\" href=\"https:\/\/fanvencion.org\/\" data-type=\"URL\" data-id=\"https:\/\/fanvencion.org\/\" target=\"_blank\">p\u00e1gina web<\/a><\/p>\n\n\n\n<p>Se proyectaron dos cortometrajes:<\/p>\n\n\n\n<ul class=\"wp-block-list\">\n<li><strong>Batman: New  Life<\/strong>, de H\u00e9ctor I. de la Rosa<\/li>\n\n\n\n<li><strong>Survivers<\/strong>, de Carlos G\u00f3mez Trigo<\/li>\n<\/ul>\n\n\n\n<p>Y se proyecto la pel\u00edcula Incunable Friki <strong>\u00abEncuentros en la Tercera Fase\u00bb<\/strong>, de Steven Spielberg.<\/p>\n\n\n\n<p>Tambi\u00e9n contamos con una charla de <strong>Usero y Pay\u00e1n<\/strong> sobre Star Wars y con la presencia de <strong>Bernard Bullen<\/strong>, el Padre de Din Djarin en \u00abThe Mandalorian\u00bb<\/p>\n\n\n\n<p>Si deseas recordar las charlas y el resto de cosas que se hicieron puedes ver la serie de videos que agrupamos como \u00abFrikiMad by Acci\u00f3n en p\u00edldoras\u00bb<\/p>\n\n\n\n<figure class=\"wp-block-embed is-type-rich is-provider-gestor-del-servicio wp-block-embed-gestor-del-servicio wp-embed-aspect-16-9 wp-has-aspect-ratio\"><div class=\"wp-block-embed__wrapper\">\n<iframe loading=\"lazy\" title=\"FrikiMad by Acci\u00f3n en p\u00edldoras: Presentaci\u00f3n y Batman: New Life\" width=\"1200\" height=\"675\" src=\"https:\/\/www.youtube.com\/embed\/US8J8hmfGs4?feature=oembed\" frameborder=\"0\" allow=\"accelerometer; autoplay; clipboard-write; encrypted-media; gyroscope; picture-in-picture; web-share\" allowfullscreen><\/iframe>\n<\/div><\/figure>\n\n\n\n<figure class=\"wp-block-embed is-type-rich is-provider-gestor-del-servicio wp-block-embed-gestor-del-servicio wp-embed-aspect-16-9 wp-has-aspect-ratio\"><div class=\"wp-block-embed__wrapper\">\n<iframe loading=\"lazy\" title=\"Frikimad by Acci\u00f3n en P\u00edldoras: La hora perdida\" width=\"1200\" height=\"675\" src=\"https:\/\/www.youtube.com\/embed\/KgwzRhiVgSM?feature=oembed\" frameborder=\"0\" allow=\"accelerometer; autoplay; clipboard-write; encrypted-media; gyroscope; picture-in-picture; web-share\" allowfullscreen><\/iframe>\n<\/div><\/figure>\n\n\n\n<figure class=\"wp-block-embed is-type-rich is-provider-gestor-del-servicio wp-block-embed-gestor-del-servicio wp-embed-aspect-16-9 wp-has-aspect-ratio\"><div class=\"wp-block-embed__wrapper\">\n<iframe loading=\"lazy\" title=\"FrikiMAD by Acci\u00f3n en P\u00edldoras: Usero y Pay\u00e1n hablan de Star Wars\" width=\"1200\" height=\"675\" src=\"https:\/\/www.youtube.com\/embed\/RVMW6p-nfaE?feature=oembed\" frameborder=\"0\" allow=\"accelerometer; autoplay; clipboard-write; encrypted-media; gyroscope; picture-in-picture; web-share\" allowfullscreen><\/iframe>\n<\/div><\/figure>\n\n\n\n<figure class=\"wp-block-embed is-type-rich is-provider-gestor-del-servicio wp-block-embed-gestor-del-servicio wp-embed-aspect-16-9 wp-has-aspect-ratio\"><div class=\"wp-block-embed__wrapper\">\n<iframe loading=\"lazy\" title=\"FrikiMAD by Acci\u00f3n en p\u00edldoras: bernard Bullen, el Padreloriano\" width=\"1200\" height=\"675\" src=\"https:\/\/www.youtube.com\/embed\/uzx85hsFosg?feature=oembed\" frameborder=\"0\" allow=\"accelerometer; autoplay; clipboard-write; encrypted-media; gyroscope; picture-in-picture; web-share\" allowfullscreen><\/iframe>\n<\/div><\/figure>\n\n\n\n<figure class=\"wp-block-embed is-type-rich is-provider-gestor-del-servicio wp-block-embed-gestor-del-servicio wp-embed-aspect-16-9 wp-has-aspect-ratio\"><div class=\"wp-block-embed__wrapper\">\n<iframe loading=\"lazy\" title=\"FrikiMAD by Acci\u00f3n en p\u00edldoras: La hora de la siesta\" width=\"1200\" height=\"675\" src=\"https:\/\/www.youtube.com\/embed\/xxjh711IFg4?feature=oembed\" frameborder=\"0\" allow=\"accelerometer; autoplay; clipboard-write; encrypted-media; gyroscope; picture-in-picture; web-share\" allowfullscreen><\/iframe>\n<\/div><\/figure>\n\n\n\n<h2 class=\"wp-block-heading\">Patrocinadores<\/h2>\n\n\n<div class=\"wp-block-image\">\n<figure class=\"alignleft size-medium\"><img loading=\"lazy\" decoding=\"async\" width=\"300\" height=\"300\" src=\"http:\/\/www.orgullofriki.com\/25mayo\/wp-content\/uploads\/2022\/08\/patr_accion22-300x300.jpg\" alt=\"\" class=\"wp-image-207\" srcset=\"http:\/\/www.orgullofriki.com\/25mayo\/wp-content\/uploads\/2022\/08\/patr_accion22-300x300.jpg 300w, http:\/\/www.orgullofriki.com\/25mayo\/wp-content\/uploads\/2022\/08\/patr_accion22-150x150.jpg 150w, http:\/\/www.orgullofriki.com\/25mayo\/wp-content\/uploads\/2022\/08\/patr_accion22-448x448.jpg 448w, http:\/\/www.orgullofriki.com\/25mayo\/wp-content\/uploads\/2022\/08\/patr_accion22.jpg 768w\" sizes=\"auto, (max-width: 300px) 100vw, 300px\" \/><\/figure>\n<\/div>\n\n\n<ul class=\"wp-block-list\">\n<li>PLANETA COMIC<\/li>\n\n\n\n<li>GIGAMESH<\/li>\n\n\n\n<li>DOLMEN EDITORIAL<\/li>\n\n\n\n<li>TOPPS<\/li>\n\n\n\n<li>HARPER COLLINS IB\u00c9RICA<\/li>\n\n\n\n<li>APACHE LIBROS<\/li>\n\n\n\n<li>THE FORCE BOOKS<\/li>\n\n\n\n<li>H\u00c9CTOR ESPADAS<\/li>\n\n\n\n<li>FUNIDELIA<\/li>\n\n\n\n<li>MAIWEI<\/li>\n\n\n\n<li>STARWARSEROS<\/li>\n<\/ul>\n","protected":false},"excerpt":{"rendered":"<div class=\"entry-summary\">\nLa organizaci\u00f3n de FRIKIMAD corre a cargo de OrgulloFriki.com, junto a la revista ACCI\u00d3N y la sala cinematogr\u00e1fica Artistic Metropol. Se celebr\u00f3 el domingo 29 de Mayo de 2022. y siempre se celebra en las cercan\u00edas del D\u00eda del Orgullo Friki (25 de Mayo). Todos los beneficios generados a trav\u00e9s de FRIKIMAD fueron donados a&hellip;\n<\/div>\n<div class=\"link-more\"><a href=\"http:\/\/www.orgullofriki.com\/25mayo\/frikimad-by-accion-2022\/\" class=\"more-link\">Continue reading<span class=\"screen-reader-text\"> &ldquo;FRIKIMAD by Acci\u00f3n 2022&rdquo;<\/span>&hellip;<\/a><\/div>\n","protected":false},"author":1,"featured_media":0,"parent":0,"menu_order":0,"comment_status":"closed","ping_status":"closed","template":"","meta":{"ngg_post_thumbnail":0,"footnotes":""},"class_list":["post-556","page","type-page","status-publish","hentry","entry"],"_links":{"self":[{"href":"http:\/\/www.orgullofriki.com\/25mayo\/wp-json\/wp\/v2\/pages\/556","targetHints":{"allow":["GET"]}}],"collection":[{"href":"http:\/\/www.orgullofriki.com\/25mayo\/wp-json\/wp\/v2\/pages"}],"about":[{"href":"http:\/\/www.orgullofriki.com\/25mayo\/wp-json\/wp\/v2\/types\/page"}],"author":[{"embeddable":true,"href":"http:\/\/www.orgullofriki.com\/25mayo\/wp-json\/wp\/v2\/users\/1"}],"replies":[{"embeddable":true,"href":"http:\/\/www.orgullofriki.com\/25mayo\/wp-json\/wp\/v2\/comments?post=556"}],"version-history":[{"count":5,"href":"http:\/\/www.orgullofriki.com\/25mayo\/wp-json\/wp\/v2\/pages\/556\/revisions"}],"predecessor-version":[{"id":699,"href":"http:\/\/www.orgullofriki.com\/25mayo\/wp-json\/wp\/v2\/pages\/556\/revisions\/699"}],"wp:attachment":[{"href":"http:\/\/www.orgullofriki.com\/25mayo\/wp-json\/wp\/v2\/media?parent=556"}],"curies":[{"name":"wp","href":"https:\/\/api.w.org\/{rel}","templated":true}]}}