{"id":430,"date":"2022-08-26T11:19:40","date_gmt":"2022-08-26T11:19:40","guid":{"rendered":"http:\/\/www.orgullofriki.com\/25mayo\/?page_id=430"},"modified":"2023-02-26T21:09:33","modified_gmt":"2023-02-26T21:09:33","slug":"frikimad-2016","status":"publish","type":"page","link":"http:\/\/www.orgullofriki.com\/25mayo\/frikimad-2016\/","title":{"rendered":"FrikiMAD 2016"},"content":{"rendered":"<nav class=\"is-responsive menu_interno wp-block-navigation is-layout-flex wp-block-navigation-is-layout-flex\" aria-label=\"Manu FrikiMAD\" \n\t\t data-wp-interactive=\"core\/navigation\" data-wp-context='{\"overlayOpenedBy\":{\"click\":false,\"hover\":false,\"focus\":false},\"type\":\"overlay\",\"roleAttribute\":\"\",\"ariaLabel\":\"Men\\u00fa\"}'><button aria-haspopup=\"dialog\" aria-label=\"Abrir el men\u00fa\" class=\"wp-block-navigation__responsive-container-open\" \n\t\t\t\tdata-wp-on--click=\"actions.openMenuOnClick\"\n\t\t\t\tdata-wp-on--keydown=\"actions.handleMenuKeydown\"\n\t\t\t><svg width=\"24\" height=\"24\" xmlns=\"http:\/\/www.w3.org\/2000\/svg\" viewBox=\"0 0 24 24\" aria-hidden=\"true\" focusable=\"false\"><path d=\"M4 7.5h16v1.5H4z\"><\/path><path d=\"M4 15h16v1.5H4z\"><\/path><\/svg><\/button>\n\t\t\t\t<div class=\"wp-block-navigation__responsive-container\"  id=\"modal-1\" \n\t\t\t\tdata-wp-class--has-modal-open=\"state.isMenuOpen\"\n\t\t\t\tdata-wp-class--is-menu-open=\"state.isMenuOpen\"\n\t\t\t\tdata-wp-watch=\"callbacks.initMenu\"\n\t\t\t\tdata-wp-on--keydown=\"actions.handleMenuKeydown\"\n\t\t\t\tdata-wp-on--focusout=\"actions.handleMenuFocusout\"\n\t\t\t\ttabindex=\"-1\"\n\t\t\t>\n\t\t\t\t\t<div class=\"wp-block-navigation__responsive-close\" tabindex=\"-1\">\n\t\t\t\t\t\t<div class=\"wp-block-navigation__responsive-dialog\" \n\t\t\t\tdata-wp-bind--aria-modal=\"state.ariaModal\"\n\t\t\t\tdata-wp-bind--aria-label=\"state.ariaLabel\"\n\t\t\t\tdata-wp-bind--role=\"state.roleAttribute\"\n\t\t\t>\n\t\t\t\t\t\t\t<button aria-label=\"Cerrar el men\u00fa\" class=\"wp-block-navigation__responsive-container-close\" \n\t\t\t\tdata-wp-on--click=\"actions.closeMenuOnClick\"\n\t\t\t><svg xmlns=\"http:\/\/www.w3.org\/2000\/svg\" viewBox=\"0 0 24 24\" width=\"24\" height=\"24\" aria-hidden=\"true\" focusable=\"false\"><path d=\"m13.06 12 6.47-6.47-1.06-1.06L12 10.94 5.53 4.47 4.47 5.53 10.94 12l-6.47 6.47 1.06 1.06L12 13.06l6.47 6.47 1.06-1.06L13.06 12Z\"><\/path><\/svg><\/button>\n\t\t\t\t\t\t\t<div class=\"wp-block-navigation__responsive-container-content\" \n\t\t\t\tdata-wp-watch=\"callbacks.focusFirstElement\"\n\t\t\t id=\"modal-1-content\">\n\t\t\t\t\t\t\t\t<ul class=\"wp-block-navigation__container is-responsive menu_interno wp-block-navigation\"><li class=\" wp-block-navigation-item wp-block-navigation-link\"><a class=\"wp-block-navigation-item__content\"  href=\"http:\/\/www.orgullofriki.com\/25mayo\/frikimad\/\"><span class=\"wp-block-navigation-item__label\">ORGULLO FRIKIMAD by ACCI\u00d3N 2023<\/span><\/a><\/li><li class=\" wp-block-navigation-item wp-block-navigation-link\"><a class=\"wp-block-navigation-item__content\"  href=\"http:\/\/www.orgullofriki.com\/25mayo\/frikimad-by-accion-2022\/\"><span class=\"wp-block-navigation-item__label\">FRIKIMAD by Acci\u00f3n 2022<\/span><\/a><\/li><li class=\" wp-block-navigation-item wp-block-navigation-link\"><a class=\"wp-block-navigation-item__content\"  href=\"http:\/\/www.orgullofriki.com\/25mayo\/frikimad-en-pildoras-2021\/\"><span class=\"wp-block-navigation-item__label\">FrikiMAD en P\u00edldoras 2021<\/span><\/a><\/li><li class=\" wp-block-navigation-item wp-block-navigation-link\"><a class=\"wp-block-navigation-item__content\"  href=\"http:\/\/www.orgullofriki.com\/25mayo\/frikimad-en-pildoras-2020\/\"><span class=\"wp-block-navigation-item__label\">FrikiMAD en P\u00edldoras 2020<\/span><\/a><\/li><li class=\" wp-block-navigation-item wp-block-navigation-link\"><a class=\"wp-block-navigation-item__content\"  href=\"http:\/\/www.orgullofriki.com\/25mayo\/frikimad-by-fandome-2019\/\"><span class=\"wp-block-navigation-item__label\">FrikiMAD by FANDOME 2019<\/span><\/a><\/li><li class=\" wp-block-navigation-item wp-block-navigation-link\"><a class=\"wp-block-navigation-item__content\"  href=\"http:\/\/www.orgullofriki.com\/25mayo\/frikimad-2018\/\"><span class=\"wp-block-navigation-item__label\">FrikiMAD 2018<\/span><\/a><\/li><li class=\" wp-block-navigation-item wp-block-navigation-link\"><a class=\"wp-block-navigation-item__content\"  href=\"http:\/\/www.orgullofriki.com\/25mayo\/frikimad-by-frikitrip-2017\/\"><span class=\"wp-block-navigation-item__label\">FrikiMAD by FRIKITRIP 2017<\/span><\/a><\/li><li class=\" wp-block-navigation-item wp-block-navigation-link\"><a class=\"wp-block-navigation-item__content\"  href=\"http:\/\/www.orgullofriki.com\/25mayo\/frikimad-2016\/\"><span class=\"wp-block-navigation-item__label\">FrikiMAD 2016<\/span><\/a><\/li><li class=\" wp-block-navigation-item wp-block-navigation-link\"><a class=\"wp-block-navigation-item__content\"  href=\"http:\/\/www.orgullofriki.com\/25mayo\/frikimad-2015\/\"><span class=\"wp-block-navigation-item__label\">FrikiMAD 2015<\/span><\/a><\/li><li class=\" wp-block-navigation-item wp-block-navigation-link\"><a class=\"wp-block-navigation-item__content\"  href=\"http:\/\/www.orgullofriki.com\/25mayo\/frikimad-2014\/\"><span class=\"wp-block-navigation-item__label\">FrikiMAD 2014<\/span><\/a><\/li><\/ul>\n\t\t\t\t\t\t\t<\/div>\n\t\t\t\t\t\t<\/div>\n\t\t\t\t\t<\/div>\n\t\t\t\t<\/div><\/nav>\n\n<div class=\"wp-block-image\">\n<figure class=\"alignleft size-medium\"><img loading=\"lazy\" decoding=\"async\" width=\"225\" height=\"300\" src=\"http:\/\/www.orgullofriki.com\/25mayo\/wp-content\/uploads\/2022\/08\/CARTELfRIKImad16-225x300.jpg\" alt=\"\" class=\"wp-image-431\" srcset=\"http:\/\/www.orgullofriki.com\/25mayo\/wp-content\/uploads\/2022\/08\/CARTELfRIKImad16-225x300.jpg 225w, http:\/\/www.orgullofriki.com\/25mayo\/wp-content\/uploads\/2022\/08\/CARTELfRIKImad16.jpg 600w\" sizes=\"auto, (max-width: 225px) 100vw, 225px\" \/><\/figure>\n<\/div>\n\n\n<p>La organizaci\u00f3n de <strong>FRIKIMAD <\/strong>corre a cargo de OrgulloFriki.com en colaboraci\u00f3n con la sala cinematogr\u00e1fica<strong> Artistic Metropol,<\/strong> y dentro del Festival <strong>PRE-NOCTURNA.<\/strong> Celebrar\u00f3 su tercera edici\u00f3n el domingo 22 de Mayo de 2016.<br>Todos los beneficios generados a trav\u00e9s de <strong>FrikiMAD <\/strong>(venta de packs, camisetas, donaciones, etc.) fueron entregados a la Organizaci\u00f3n de <strong>Fanvenci\u00f3n<\/strong>.<\/p>\n\n\n\n<hr class=\"wp-block-separator has-alpha-channel-opacity\"\/>\n\n\n\n<h2 class=\"wp-block-heading\">Programaci\u00f3n<\/h2>\n\n\n\n<p>Se proyectaron dos pel\u00edculas:<\/p>\n\n\n\n<ul class=\"wp-block-list\">\n<li><strong>VOCES DE PEL\u00cdCULA &#8211; EL DOBLAJE CINEMATOGR\u00c1FICO EN ESPA\u00d1A<\/strong>, de Borja L\u00f3pez<\/li>\n\n\n\n<li>Pelicul\u00f3n Incunable Friki: <strong>ALIENS, EL REGRESO<\/strong> , de James Cameron<\/li>\n<\/ul>\n\n\n\n<figure class=\"wp-block-gallery has-nested-images columns-default is-cropped wp-block-gallery-2 is-layout-flex wp-block-gallery-is-layout-flex\">\n<figure class=\"wp-block-image size-large\"><img loading=\"lazy\" decoding=\"async\" width=\"1024\" height=\"683\" data-id=\"434\" src=\"http:\/\/www.orgullofriki.com\/25mayo\/wp-content\/uploads\/2022\/08\/DSC_0403-1024x683.jpg\" alt=\"\" class=\"wp-image-434\" srcset=\"http:\/\/www.orgullofriki.com\/25mayo\/wp-content\/uploads\/2022\/08\/DSC_0403-1024x683.jpg 1024w, http:\/\/www.orgullofriki.com\/25mayo\/wp-content\/uploads\/2022\/08\/DSC_0403-300x200.jpg 300w, http:\/\/www.orgullofriki.com\/25mayo\/wp-content\/uploads\/2022\/08\/DSC_0403-768x512.jpg 768w, http:\/\/www.orgullofriki.com\/25mayo\/wp-content\/uploads\/2022\/08\/DSC_0403-1536x1024.jpg 1536w, http:\/\/www.orgullofriki.com\/25mayo\/wp-content\/uploads\/2022\/08\/DSC_0403-2048x1365.jpg 2048w\" sizes=\"auto, (max-width: 1024px) 100vw, 1024px\" \/><\/figure>\n\n\n\n<figure class=\"wp-block-image size-large\"><img loading=\"lazy\" decoding=\"async\" width=\"1024\" height=\"683\" data-id=\"436\" src=\"http:\/\/www.orgullofriki.com\/25mayo\/wp-content\/uploads\/2022\/08\/DSC_0410-1024x683.jpg\" alt=\"\" class=\"wp-image-436\" srcset=\"http:\/\/www.orgullofriki.com\/25mayo\/wp-content\/uploads\/2022\/08\/DSC_0410-1024x683.jpg 1024w, http:\/\/www.orgullofriki.com\/25mayo\/wp-content\/uploads\/2022\/08\/DSC_0410-300x200.jpg 300w, http:\/\/www.orgullofriki.com\/25mayo\/wp-content\/uploads\/2022\/08\/DSC_0410-768x512.jpg 768w, http:\/\/www.orgullofriki.com\/25mayo\/wp-content\/uploads\/2022\/08\/DSC_0410-1536x1024.jpg 1536w, http:\/\/www.orgullofriki.com\/25mayo\/wp-content\/uploads\/2022\/08\/DSC_0410-2048x1365.jpg 2048w\" sizes=\"auto, (max-width: 1024px) 100vw, 1024px\" \/><\/figure>\n\n\n\n<figure class=\"wp-block-image size-large\"><img loading=\"lazy\" decoding=\"async\" width=\"1024\" height=\"683\" data-id=\"435\" src=\"http:\/\/www.orgullofriki.com\/25mayo\/wp-content\/uploads\/2022\/08\/DSC_0424-1024x683.jpg\" alt=\"\" class=\"wp-image-435\" srcset=\"http:\/\/www.orgullofriki.com\/25mayo\/wp-content\/uploads\/2022\/08\/DSC_0424-1024x683.jpg 1024w, http:\/\/www.orgullofriki.com\/25mayo\/wp-content\/uploads\/2022\/08\/DSC_0424-300x200.jpg 300w, http:\/\/www.orgullofriki.com\/25mayo\/wp-content\/uploads\/2022\/08\/DSC_0424-768x512.jpg 768w, http:\/\/www.orgullofriki.com\/25mayo\/wp-content\/uploads\/2022\/08\/DSC_0424-1536x1024.jpg 1536w, http:\/\/www.orgullofriki.com\/25mayo\/wp-content\/uploads\/2022\/08\/DSC_0424-2048x1365.jpg 2048w\" sizes=\"auto, (max-width: 1024px) 100vw, 1024px\" \/><\/figure>\n<\/figure>\n\n\n\n<p>Tambi\u00e9n se proyectaron los cortometrajes<\/p>\n\n\n\n<ul class=\"wp-block-list\">\n<li><strong>HACE MUCHO TIEMPO\u2026,<\/strong> de Adolfo Schreier<\/li>\n\n\n\n<li><strong>SEDICI\u00d3N CLON<\/strong>, de Ignacio Clavero<\/li>\n<\/ul>\n\n\n\n<figure class=\"wp-block-gallery has-nested-images columns-default is-cropped wp-block-gallery-3 is-layout-flex wp-block-gallery-is-layout-flex\">\n<figure class=\"wp-block-image size-large\"><img loading=\"lazy\" decoding=\"async\" width=\"1024\" height=\"683\" data-id=\"438\" src=\"http:\/\/www.orgullofriki.com\/25mayo\/wp-content\/uploads\/2022\/08\/DSC_0478-1024x683.jpg\" alt=\"\" class=\"wp-image-438\" srcset=\"http:\/\/www.orgullofriki.com\/25mayo\/wp-content\/uploads\/2022\/08\/DSC_0478-1024x683.jpg 1024w, http:\/\/www.orgullofriki.com\/25mayo\/wp-content\/uploads\/2022\/08\/DSC_0478-300x200.jpg 300w, http:\/\/www.orgullofriki.com\/25mayo\/wp-content\/uploads\/2022\/08\/DSC_0478-768x512.jpg 768w, http:\/\/www.orgullofriki.com\/25mayo\/wp-content\/uploads\/2022\/08\/DSC_0478-1536x1024.jpg 1536w, http:\/\/www.orgullofriki.com\/25mayo\/wp-content\/uploads\/2022\/08\/DSC_0478-2048x1365.jpg 2048w\" sizes=\"auto, (max-width: 1024px) 100vw, 1024px\" \/><\/figure>\n\n\n\n<figure class=\"wp-block-image size-large\"><img loading=\"lazy\" decoding=\"async\" width=\"1024\" height=\"683\" data-id=\"437\" src=\"http:\/\/www.orgullofriki.com\/25mayo\/wp-content\/uploads\/2022\/08\/DSC_0479-1024x683.jpg\" alt=\"\" class=\"wp-image-437\" srcset=\"http:\/\/www.orgullofriki.com\/25mayo\/wp-content\/uploads\/2022\/08\/DSC_0479-1024x683.jpg 1024w, http:\/\/www.orgullofriki.com\/25mayo\/wp-content\/uploads\/2022\/08\/DSC_0479-300x200.jpg 300w, http:\/\/www.orgullofriki.com\/25mayo\/wp-content\/uploads\/2022\/08\/DSC_0479-768x512.jpg 768w, http:\/\/www.orgullofriki.com\/25mayo\/wp-content\/uploads\/2022\/08\/DSC_0479-1536x1024.jpg 1536w, http:\/\/www.orgullofriki.com\/25mayo\/wp-content\/uploads\/2022\/08\/DSC_0479-2048x1365.jpg 2048w\" sizes=\"auto, (max-width: 1024px) 100vw, 1024px\" \/><\/figure>\n\n\n\n<figure class=\"wp-block-image size-large\"><img loading=\"lazy\" decoding=\"async\" width=\"1024\" height=\"683\" data-id=\"439\" src=\"http:\/\/www.orgullofriki.com\/25mayo\/wp-content\/uploads\/2022\/08\/DSC_0543-1024x683.jpg\" alt=\"\" class=\"wp-image-439\" srcset=\"http:\/\/www.orgullofriki.com\/25mayo\/wp-content\/uploads\/2022\/08\/DSC_0543-1024x683.jpg 1024w, http:\/\/www.orgullofriki.com\/25mayo\/wp-content\/uploads\/2022\/08\/DSC_0543-300x200.jpg 300w, http:\/\/www.orgullofriki.com\/25mayo\/wp-content\/uploads\/2022\/08\/DSC_0543-768x512.jpg 768w, http:\/\/www.orgullofriki.com\/25mayo\/wp-content\/uploads\/2022\/08\/DSC_0543-1536x1024.jpg 1536w, http:\/\/www.orgullofriki.com\/25mayo\/wp-content\/uploads\/2022\/08\/DSC_0543-2048x1365.jpg 2048w\" sizes=\"auto, (max-width: 1024px) 100vw, 1024px\" \/><\/figure>\n<\/figure>\n\n\n\n<p>Y se realizaron varias charlas, presentaciones y mesas redondas:<\/p>\n\n\n\n<ul class=\"wp-block-list\">\n<li>Charla: <strong>AN\u00c9CDOTAS DE DOBLAJE<\/strong> con \u00c1ngel Coomonte<\/li>\n\n\n\n<li>Entrega del <strong>Premio Orgullo Friki<\/strong> a Toni Bestard y Marcos Cabot\u00e1, por &#8216;I Am Your Father&#8217;<\/li>\n\n\n\n<li>Mesa redonda.<strong> 10 A\u00d1OS DE ORGULLO FRIKI<\/strong>, con Se\u00f1or Buebo, Honorio Arribas, Pablo San Mateo y Cristina Mart\u00ednez<\/li>\n<\/ul>\n\n\n\n<figure class=\"wp-block-gallery has-nested-images columns-default is-cropped wp-block-gallery-4 is-layout-flex wp-block-gallery-is-layout-flex\">\n<figure class=\"wp-block-image size-large\"><img loading=\"lazy\" decoding=\"async\" width=\"1024\" height=\"683\" data-id=\"441\" src=\"http:\/\/www.orgullofriki.com\/25mayo\/wp-content\/uploads\/2022\/08\/DSC_0441-1024x683.jpg\" alt=\"\" class=\"wp-image-441\" srcset=\"http:\/\/www.orgullofriki.com\/25mayo\/wp-content\/uploads\/2022\/08\/DSC_0441-1024x683.jpg 1024w, http:\/\/www.orgullofriki.com\/25mayo\/wp-content\/uploads\/2022\/08\/DSC_0441-300x200.jpg 300w, http:\/\/www.orgullofriki.com\/25mayo\/wp-content\/uploads\/2022\/08\/DSC_0441-768x512.jpg 768w, http:\/\/www.orgullofriki.com\/25mayo\/wp-content\/uploads\/2022\/08\/DSC_0441-1536x1024.jpg 1536w, http:\/\/www.orgullofriki.com\/25mayo\/wp-content\/uploads\/2022\/08\/DSC_0441-2048x1365.jpg 2048w\" sizes=\"auto, (max-width: 1024px) 100vw, 1024px\" \/><\/figure>\n\n\n\n<figure class=\"wp-block-image size-large\"><img loading=\"lazy\" decoding=\"async\" width=\"1024\" height=\"683\" data-id=\"440\" src=\"http:\/\/www.orgullofriki.com\/25mayo\/wp-content\/uploads\/2022\/08\/DSC_0448-1024x683.jpg\" alt=\"\" class=\"wp-image-440\" srcset=\"http:\/\/www.orgullofriki.com\/25mayo\/wp-content\/uploads\/2022\/08\/DSC_0448-1024x683.jpg 1024w, http:\/\/www.orgullofriki.com\/25mayo\/wp-content\/uploads\/2022\/08\/DSC_0448-300x200.jpg 300w, http:\/\/www.orgullofriki.com\/25mayo\/wp-content\/uploads\/2022\/08\/DSC_0448-768x512.jpg 768w, http:\/\/www.orgullofriki.com\/25mayo\/wp-content\/uploads\/2022\/08\/DSC_0448-1536x1024.jpg 1536w, http:\/\/www.orgullofriki.com\/25mayo\/wp-content\/uploads\/2022\/08\/DSC_0448-2048x1365.jpg 2048w\" sizes=\"auto, (max-width: 1024px) 100vw, 1024px\" \/><\/figure>\n\n\n\n<figure class=\"wp-block-image size-large\"><img loading=\"lazy\" decoding=\"async\" width=\"1024\" height=\"683\" data-id=\"444\" src=\"http:\/\/www.orgullofriki.com\/25mayo\/wp-content\/uploads\/2022\/08\/DSC_0452-1024x683.jpg\" alt=\"\" class=\"wp-image-444\" srcset=\"http:\/\/www.orgullofriki.com\/25mayo\/wp-content\/uploads\/2022\/08\/DSC_0452-1024x683.jpg 1024w, http:\/\/www.orgullofriki.com\/25mayo\/wp-content\/uploads\/2022\/08\/DSC_0452-300x200.jpg 300w, http:\/\/www.orgullofriki.com\/25mayo\/wp-content\/uploads\/2022\/08\/DSC_0452-768x512.jpg 768w, http:\/\/www.orgullofriki.com\/25mayo\/wp-content\/uploads\/2022\/08\/DSC_0452-1536x1024.jpg 1536w, http:\/\/www.orgullofriki.com\/25mayo\/wp-content\/uploads\/2022\/08\/DSC_0452-2048x1365.jpg 2048w\" sizes=\"auto, (max-width: 1024px) 100vw, 1024px\" \/><\/figure>\n\n\n\n<figure class=\"wp-block-image size-large\"><img loading=\"lazy\" decoding=\"async\" width=\"1024\" height=\"683\" data-id=\"443\" src=\"http:\/\/www.orgullofriki.com\/25mayo\/wp-content\/uploads\/2022\/08\/DSC_0491-1024x683.jpg\" alt=\"\" class=\"wp-image-443\" srcset=\"http:\/\/www.orgullofriki.com\/25mayo\/wp-content\/uploads\/2022\/08\/DSC_0491-1024x683.jpg 1024w, http:\/\/www.orgullofriki.com\/25mayo\/wp-content\/uploads\/2022\/08\/DSC_0491-300x200.jpg 300w, http:\/\/www.orgullofriki.com\/25mayo\/wp-content\/uploads\/2022\/08\/DSC_0491-768x512.jpg 768w, http:\/\/www.orgullofriki.com\/25mayo\/wp-content\/uploads\/2022\/08\/DSC_0491-1536x1024.jpg 1536w, http:\/\/www.orgullofriki.com\/25mayo\/wp-content\/uploads\/2022\/08\/DSC_0491-2048x1365.jpg 2048w\" sizes=\"auto, (max-width: 1024px) 100vw, 1024px\" \/><\/figure>\n\n\n\n<figure class=\"wp-block-image size-large\"><img loading=\"lazy\" decoding=\"async\" width=\"1024\" height=\"683\" data-id=\"445\" src=\"http:\/\/www.orgullofriki.com\/25mayo\/wp-content\/uploads\/2022\/08\/DSC_0503-1024x683.jpg\" alt=\"\" class=\"wp-image-445\" srcset=\"http:\/\/www.orgullofriki.com\/25mayo\/wp-content\/uploads\/2022\/08\/DSC_0503-1024x683.jpg 1024w, http:\/\/www.orgullofriki.com\/25mayo\/wp-content\/uploads\/2022\/08\/DSC_0503-300x200.jpg 300w, http:\/\/www.orgullofriki.com\/25mayo\/wp-content\/uploads\/2022\/08\/DSC_0503-768x512.jpg 768w, http:\/\/www.orgullofriki.com\/25mayo\/wp-content\/uploads\/2022\/08\/DSC_0503-1536x1024.jpg 1536w, http:\/\/www.orgullofriki.com\/25mayo\/wp-content\/uploads\/2022\/08\/DSC_0503-2048x1365.jpg 2048w\" sizes=\"auto, (max-width: 1024px) 100vw, 1024px\" \/><\/figure>\n\n\n\n<figure class=\"wp-block-image size-large\"><img loading=\"lazy\" decoding=\"async\" width=\"1024\" height=\"683\" data-id=\"442\" src=\"http:\/\/www.orgullofriki.com\/25mayo\/wp-content\/uploads\/2022\/08\/DSC_0509-1024x683.jpg\" alt=\"\" class=\"wp-image-442\" srcset=\"http:\/\/www.orgullofriki.com\/25mayo\/wp-content\/uploads\/2022\/08\/DSC_0509-1024x683.jpg 1024w, http:\/\/www.orgullofriki.com\/25mayo\/wp-content\/uploads\/2022\/08\/DSC_0509-300x200.jpg 300w, http:\/\/www.orgullofriki.com\/25mayo\/wp-content\/uploads\/2022\/08\/DSC_0509-768x512.jpg 768w, http:\/\/www.orgullofriki.com\/25mayo\/wp-content\/uploads\/2022\/08\/DSC_0509-1536x1024.jpg 1536w, http:\/\/www.orgullofriki.com\/25mayo\/wp-content\/uploads\/2022\/08\/DSC_0509-2048x1365.jpg 2048w\" sizes=\"auto, (max-width: 1024px) 100vw, 1024px\" \/><\/figure>\n<\/figure>\n\n\n\n<h2 class=\"wp-block-heading\">Patrocinadores<\/h2>\n\n\n\n<p>AACF &#8211; FANVENCI\u00d3N &#8211; THE FORCE GROUP &#8211; FUNIDELIA &#8211; TOPPS &#8211; PLANETA COMIC &#8211; MINOTAURO &#8211; TIMUN MAS &#8211; GIGAMESH &#8211; EL TALLER DE AKANE &#8211; PASIONPORLOFRIKI.COM &#8211; DOLMEN EDITORIAL &#8211; SUOP<\/p>\n\n\n\n<h3 class=\"wp-block-heading\">Mecenas<\/h3>\n\n\n\n<p>ANTONIO GUERRERO &#8211; CARLOS KIEFFER &#8211; HONORIO ARRIBAS &#8211; JES\u00daS \u00c1LVAREZ &#8211; JES\u00daS D\u00cdAZ DE LOSADA &#8211; JOSE MARIA GARCIA &#8211; LUIS FERNANDEZ &#8211; LUIS FRANCO &#8211; MARIO VILLAR &#8211; MARGA CHAVES &#8211; NATALIA REVILLA &#8211; PAULUS GELMAN &#8211; PABLO JIM\u00c9NEZ &#8211; VICENTE ESTRELLES &#8211; BEL\u00c9N ROMANO &#8211; CARLOS SANZ &#8211; ENRIQUE CONTRERAS &#8211; HERN\u00c1N MORERA &#8211; JAIME CASCALES &#8211; JOHNNY JUNCAL &#8211; JOSE MAR\u00cdA RAMOS &#8211; MARCOS JIM\u00c9NEZ<\/p>\n","protected":false},"excerpt":{"rendered":"<div class=\"entry-summary\">\nLa organizaci\u00f3n de FRIKIMAD corre a cargo de OrgulloFriki.com en colaboraci\u00f3n con la sala cinematogr\u00e1fica Artistic Metropol, y dentro del Festival PRE-NOCTURNA. Celebrar\u00f3 su tercera edici\u00f3n el domingo 22 de Mayo de 2016.Todos los beneficios generados a trav\u00e9s de FrikiMAD (venta de packs, camisetas, donaciones, etc.) fueron entregados a la Organizaci\u00f3n de Fanvenci\u00f3n. Programaci\u00f3n Se&hellip;\n<\/div>\n<div class=\"link-more\"><a href=\"http:\/\/www.orgullofriki.com\/25mayo\/frikimad-2016\/\" class=\"more-link\">Continue reading<span class=\"screen-reader-text\"> &ldquo;FrikiMAD 2016&rdquo;<\/span>&hellip;<\/a><\/div>\n","protected":false},"author":1,"featured_media":0,"parent":0,"menu_order":0,"comment_status":"closed","ping_status":"closed","template":"","meta":{"ngg_post_thumbnail":0,"footnotes":""},"class_list":["post-430","page","type-page","status-publish","hentry","entry"],"_links":{"self":[{"href":"http:\/\/www.orgullofriki.com\/25mayo\/wp-json\/wp\/v2\/pages\/430","targetHints":{"allow":["GET"]}}],"collection":[{"href":"http:\/\/www.orgullofriki.com\/25mayo\/wp-json\/wp\/v2\/pages"}],"about":[{"href":"http:\/\/www.orgullofriki.com\/25mayo\/wp-json\/wp\/v2\/types\/page"}],"author":[{"embeddable":true,"href":"http:\/\/www.orgullofriki.com\/25mayo\/wp-json\/wp\/v2\/users\/1"}],"replies":[{"embeddable":true,"href":"http:\/\/www.orgullofriki.com\/25mayo\/wp-json\/wp\/v2\/comments?post=430"}],"version-history":[{"count":5,"href":"http:\/\/www.orgullofriki.com\/25mayo\/wp-json\/wp\/v2\/pages\/430\/revisions"}],"predecessor-version":[{"id":571,"href":"http:\/\/www.orgullofriki.com\/25mayo\/wp-json\/wp\/v2\/pages\/430\/revisions\/571"}],"wp:attachment":[{"href":"http:\/\/www.orgullofriki.com\/25mayo\/wp-json\/wp\/v2\/media?parent=430"}],"curies":[{"name":"wp","href":"https:\/\/api.w.org\/{rel}","templated":true}]}}