{"id":292,"date":"2022-08-17T06:29:40","date_gmt":"2022-08-17T06:29:40","guid":{"rendered":"http:\/\/www.orgullofriki.com\/25mayo\/?page_id=292"},"modified":"2022-08-17T06:32:51","modified_gmt":"2022-08-17T06:32:51","slug":"las-frikicards","status":"publish","type":"page","link":"http:\/\/www.orgullofriki.com\/25mayo\/las-frikicards\/","title":{"rendered":"Las FrikiCards"},"content":{"rendered":"\n<p>Los frikis sabemos que una de las cosas que nos gusta coleccionar (de siempre) son los cromos (o trading cards). Lo de que tengas que reunir diferentes cartoncitos para luego guardarlos y atesorarlos es uno de los mayores placeres de la vida&#8230; \u00a1Y encima casi no ocupan!.<\/p>\n\n\n<div class=\"wp-block-image\">\n<figure class=\"aligncenter size-full\"><img loading=\"lazy\" decoding=\"async\" width=\"400\" height=\"300\" src=\"http:\/\/www.orgullofriki.com\/25mayo\/wp-content\/uploads\/2022\/08\/frikicards-1.jpg\" alt=\"\" class=\"wp-image-293\" srcset=\"http:\/\/www.orgullofriki.com\/25mayo\/wp-content\/uploads\/2022\/08\/frikicards-1.jpg 400w, http:\/\/www.orgullofriki.com\/25mayo\/wp-content\/uploads\/2022\/08\/frikicards-1-300x225.jpg 300w\" sizes=\"auto, (max-width: 400px) 100vw, 400px\" \/><\/figure>\n<\/div>\n\n\n<p>Desde hace mucho tiempo nos decidimos a sacar varias colecciones, bien sea por el Orgullo Friki, bien por otros eventos, que sirvieran para recordar momentos \u00fanicos en la Historia del frikismo. Hagamos un repaso.<\/p>\n\n\n\n<h2 class=\"wp-block-heading\">Las FrikiCards Originales<\/h2>\n\n\n\n<p>Creadas en 2014, las sacamos en varias versiones: serie b\u00e1sica, serie especial y promocionales. Las b\u00e1sicas repasaron el Orgullo Friki hasta la fecha: carteles, camisetas y libros. Las especiales, a los primeros ganadores del Premio Orgullo Friki, y las promocionales, donde diferentes entidades \u00abalquilaron\u00bb nuestro espacio para promocionarse<\/p>\n\n\n\n<figure class=\"wp-block-gallery has-nested-images columns-5 is-cropped wp-block-gallery-1 is-layout-flex wp-block-gallery-is-layout-flex\">\n<figure class=\"wp-block-image size-large\"><img loading=\"lazy\" decoding=\"async\" width=\"240\" height=\"320\" data-id=\"295\" src=\"http:\/\/www.orgullofriki.com\/25mayo\/wp-content\/uploads\/2022\/08\/fc01.jpg\" alt=\"\" class=\"wp-image-295\" srcset=\"http:\/\/www.orgullofriki.com\/25mayo\/wp-content\/uploads\/2022\/08\/fc01.jpg 240w, http:\/\/www.orgullofriki.com\/25mayo\/wp-content\/uploads\/2022\/08\/fc01-225x300.jpg 225w\" sizes=\"auto, (max-width: 240px) 100vw, 240px\" \/><\/figure>\n\n\n\n<figure class=\"wp-block-image size-large\"><img loading=\"lazy\" decoding=\"async\" width=\"240\" height=\"320\" data-id=\"297\" src=\"http:\/\/www.orgullofriki.com\/25mayo\/wp-content\/uploads\/2022\/08\/fc02.jpg\" alt=\"\" class=\"wp-image-297\" srcset=\"http:\/\/www.orgullofriki.com\/25mayo\/wp-content\/uploads\/2022\/08\/fc02.jpg 240w, http:\/\/www.orgullofriki.com\/25mayo\/wp-content\/uploads\/2022\/08\/fc02-225x300.jpg 225w\" sizes=\"auto, (max-width: 240px) 100vw, 240px\" \/><\/figure>\n\n\n\n<figure class=\"wp-block-image size-large\"><img loading=\"lazy\" decoding=\"async\" width=\"240\" height=\"320\" data-id=\"294\" src=\"http:\/\/www.orgullofriki.com\/25mayo\/wp-content\/uploads\/2022\/08\/fc03.jpg\" alt=\"\" class=\"wp-image-294\" srcset=\"http:\/\/www.orgullofriki.com\/25mayo\/wp-content\/uploads\/2022\/08\/fc03.jpg 240w, http:\/\/www.orgullofriki.com\/25mayo\/wp-content\/uploads\/2022\/08\/fc03-225x300.jpg 225w\" sizes=\"auto, (max-width: 240px) 100vw, 240px\" \/><\/figure>\n\n\n\n<figure class=\"wp-block-image size-large\"><img loading=\"lazy\" decoding=\"async\" width=\"240\" height=\"320\" data-id=\"296\" src=\"http:\/\/www.orgullofriki.com\/25mayo\/wp-content\/uploads\/2022\/08\/fc04.jpg\" alt=\"\" class=\"wp-image-296\" srcset=\"http:\/\/www.orgullofriki.com\/25mayo\/wp-content\/uploads\/2022\/08\/fc04.jpg 240w, http:\/\/www.orgullofriki.com\/25mayo\/wp-content\/uploads\/2022\/08\/fc04-225x300.jpg 225w\" sizes=\"auto, (max-width: 240px) 100vw, 240px\" \/><\/figure>\n\n\n\n<figure class=\"wp-block-image size-large\"><img loading=\"lazy\" decoding=\"async\" width=\"240\" height=\"320\" data-id=\"304\" src=\"http:\/\/www.orgullofriki.com\/25mayo\/wp-content\/uploads\/2022\/08\/fc05.jpg\" alt=\"\" class=\"wp-image-304\" srcset=\"http:\/\/www.orgullofriki.com\/25mayo\/wp-content\/uploads\/2022\/08\/fc05.jpg 240w, http:\/\/www.orgullofriki.com\/25mayo\/wp-content\/uploads\/2022\/08\/fc05-225x300.jpg 225w\" sizes=\"auto, (max-width: 240px) 100vw, 240px\" \/><\/figure>\n\n\n\n<figure class=\"wp-block-image size-large\"><img loading=\"lazy\" decoding=\"async\" width=\"240\" height=\"320\" data-id=\"298\" src=\"http:\/\/www.orgullofriki.com\/25mayo\/wp-content\/uploads\/2022\/08\/fc06.jpg\" alt=\"\" class=\"wp-image-298\" srcset=\"http:\/\/www.orgullofriki.com\/25mayo\/wp-content\/uploads\/2022\/08\/fc06.jpg 240w, http:\/\/www.orgullofriki.com\/25mayo\/wp-content\/uploads\/2022\/08\/fc06-225x300.jpg 225w\" sizes=\"auto, (max-width: 240px) 100vw, 240px\" \/><\/figure>\n\n\n\n<figure class=\"wp-block-image size-large\"><img loading=\"lazy\" decoding=\"async\" width=\"240\" height=\"320\" data-id=\"299\" src=\"http:\/\/www.orgullofriki.com\/25mayo\/wp-content\/uploads\/2022\/08\/fc07.jpg\" alt=\"\" class=\"wp-image-299\" srcset=\"http:\/\/www.orgullofriki.com\/25mayo\/wp-content\/uploads\/2022\/08\/fc07.jpg 240w, http:\/\/www.orgullofriki.com\/25mayo\/wp-content\/uploads\/2022\/08\/fc07-225x300.jpg 225w\" sizes=\"auto, (max-width: 240px) 100vw, 240px\" \/><\/figure>\n\n\n\n<figure class=\"wp-block-image size-large\"><img loading=\"lazy\" decoding=\"async\" width=\"240\" height=\"320\" data-id=\"301\" src=\"http:\/\/www.orgullofriki.com\/25mayo\/wp-content\/uploads\/2022\/08\/fc08.jpg\" alt=\"\" class=\"wp-image-301\" srcset=\"http:\/\/www.orgullofriki.com\/25mayo\/wp-content\/uploads\/2022\/08\/fc08.jpg 240w, http:\/\/www.orgullofriki.com\/25mayo\/wp-content\/uploads\/2022\/08\/fc08-225x300.jpg 225w\" sizes=\"auto, (max-width: 240px) 100vw, 240px\" \/><\/figure>\n\n\n\n<figure class=\"wp-block-image size-large\"><img loading=\"lazy\" decoding=\"async\" width=\"240\" height=\"320\" data-id=\"303\" src=\"http:\/\/www.orgullofriki.com\/25mayo\/wp-content\/uploads\/2022\/08\/fc09.jpg\" alt=\"\" class=\"wp-image-303\" srcset=\"http:\/\/www.orgullofriki.com\/25mayo\/wp-content\/uploads\/2022\/08\/fc09.jpg 240w, http:\/\/www.orgullofriki.com\/25mayo\/wp-content\/uploads\/2022\/08\/fc09-225x300.jpg 225w\" sizes=\"auto, (max-width: 240px) 100vw, 240px\" \/><\/figure>\n\n\n\n<figure class=\"wp-block-image size-large\"><img loading=\"lazy\" decoding=\"async\" width=\"240\" height=\"320\" data-id=\"300\" src=\"http:\/\/www.orgullofriki.com\/25mayo\/wp-content\/uploads\/2022\/08\/fcp01.jpg\" alt=\"\" class=\"wp-image-300\" srcset=\"http:\/\/www.orgullofriki.com\/25mayo\/wp-content\/uploads\/2022\/08\/fcp01.jpg 240w, http:\/\/www.orgullofriki.com\/25mayo\/wp-content\/uploads\/2022\/08\/fcp01-225x300.jpg 225w\" sizes=\"auto, (max-width: 240px) 100vw, 240px\" \/><\/figure>\n\n\n\n<figure class=\"wp-block-image size-large\"><img loading=\"lazy\" decoding=\"async\" width=\"240\" height=\"320\" data-id=\"302\" src=\"http:\/\/www.orgullofriki.com\/25mayo\/wp-content\/uploads\/2022\/08\/fcp02.jpg\" alt=\"\" class=\"wp-image-302\" srcset=\"http:\/\/www.orgullofriki.com\/25mayo\/wp-content\/uploads\/2022\/08\/fcp02.jpg 240w, http:\/\/www.orgullofriki.com\/25mayo\/wp-content\/uploads\/2022\/08\/fcp02-225x300.jpg 225w\" sizes=\"auto, (max-width: 240px) 100vw, 240px\" \/><\/figure>\n\n\n\n<figure class=\"wp-block-image size-large\"><img loading=\"lazy\" decoding=\"async\" width=\"240\" height=\"320\" data-id=\"305\" src=\"http:\/\/www.orgullofriki.com\/25mayo\/wp-content\/uploads\/2022\/08\/fcs01.jpg\" alt=\"\" class=\"wp-image-305\" srcset=\"http:\/\/www.orgullofriki.com\/25mayo\/wp-content\/uploads\/2022\/08\/fcs01.jpg 240w, http:\/\/www.orgullofriki.com\/25mayo\/wp-content\/uploads\/2022\/08\/fcs01-225x300.jpg 225w\" sizes=\"auto, (max-width: 240px) 100vw, 240px\" \/><\/figure>\n\n\n\n<figure class=\"wp-block-image size-large\"><img loading=\"lazy\" decoding=\"async\" width=\"240\" height=\"320\" data-id=\"307\" src=\"http:\/\/www.orgullofriki.com\/25mayo\/wp-content\/uploads\/2022\/08\/fcs02.jpg\" alt=\"\" class=\"wp-image-307\" srcset=\"http:\/\/www.orgullofriki.com\/25mayo\/wp-content\/uploads\/2022\/08\/fcs02.jpg 240w, http:\/\/www.orgullofriki.com\/25mayo\/wp-content\/uploads\/2022\/08\/fcs02-225x300.jpg 225w\" sizes=\"auto, (max-width: 240px) 100vw, 240px\" \/><\/figure>\n\n\n\n<figure class=\"wp-block-image size-large\"><img loading=\"lazy\" decoding=\"async\" width=\"240\" height=\"320\" data-id=\"306\" src=\"http:\/\/www.orgullofriki.com\/25mayo\/wp-content\/uploads\/2022\/08\/fcs03.jpg\" alt=\"\" class=\"wp-image-306\" srcset=\"http:\/\/www.orgullofriki.com\/25mayo\/wp-content\/uploads\/2022\/08\/fcs03.jpg 240w, http:\/\/www.orgullofriki.com\/25mayo\/wp-content\/uploads\/2022\/08\/fcs03-225x300.jpg 225w\" sizes=\"auto, (max-width: 240px) 100vw, 240px\" \/><\/figure>\n<\/figure>\n\n\n\n<h2 class=\"wp-block-heading\">El Juego del Ministerio del Tiempo<\/h2>\n\n\n\n<p>Para conmemorar el hecho de que, en 2015 le concedi\u00e9ramos el Premio Orgullo Friki, sacamos un juego de cartas del Ministerio del Tiempo, donde aparecian los principales personajes de la primera temporada. Algunos de los del equipo de la serie recibieron alg\u00fan que otro pack y los mecenas de FrikiMad de ese a\u00f1o tambi\u00e9n.<\/p>\n\n\n\n<h2 class=\"wp-block-heading\">Cards \u00abFace the Force\u00bb<\/h2>\n\n\n\n<p>Para celebrar el estreno de las nuevas peliculas de Star Wars, el Ayuntamiento de Madrid y Disney distribuyeron a finales de 2015 por la ciudad varios cascos de gran tama\u00f1o y, como no se hizo ning\u00fan merchandising, decidimos hacerlo nosotros. Una card por cada uno de los cascos y dos especiales, una como portada y otra con el cartel de la exposici\u00f3n<\/p>\n\n\n\n<h2 class=\"wp-block-heading\">FrikiCards Celebration Europe 2016<\/h2>\n\n\n\n<p>Para celebrar que asistimos a la Star Wars Celebration Europe 2016, en Londres, unimos fuerzas con Ficromic (que mont\u00f3 un stand all\u00ed) y decidimos regalar una frikicard a todo aquel que se acercara a su mostrador y dijera una frase concreta. Las cards estaban basadas en algunas \u00abmalas\u00bb traducciones que se pueden escuchar en las pel\u00edculas de la trilog\u00eda original.<\/p>\n\n\n\n<h2 class=\"wp-block-heading\">Cards \u00abLight the Force\u00bb<\/h2>\n\n\n\n<p>En 2017 el Ayuntamiento de Madrid y Disney decidieron repetir con una exposici\u00f3n que consist\u00eda en varios sables laser distribu\u00eddos por la ciudad, que se encend\u00edan por la noche, y otra vez, quisimos realziar el merchandising que ellos no hicieron: una card por cada sable, uno d eportada y uno que mostraba otra promoci\u00f3n que hicieron el a\u00f1o anterior: c\u00f3mo se imprimia la Estrella de la Muerte junto al retiro, por el estreno de Rogue One<\/p>\n","protected":false},"excerpt":{"rendered":"<div class=\"entry-summary\">\nLos frikis sabemos que una de las cosas que nos gusta coleccionar (de siempre) son los cromos (o trading cards). Lo de que tengas que reunir diferentes cartoncitos para luego guardarlos y atesorarlos es uno de los mayores placeres de la vida&#8230; \u00a1Y encima casi no ocupan!. Desde hace mucho tiempo nos decidimos a sacar&hellip;\n<\/div>\n<div class=\"link-more\"><a href=\"http:\/\/www.orgullofriki.com\/25mayo\/las-frikicards\/\" class=\"more-link\">Continue reading<span class=\"screen-reader-text\"> &ldquo;Las FrikiCards&rdquo;<\/span>&hellip;<\/a><\/div>\n","protected":false},"author":1,"featured_media":0,"parent":0,"menu_order":0,"comment_status":"closed","ping_status":"closed","template":"","meta":{"ngg_post_thumbnail":0,"footnotes":""},"class_list":["post-292","page","type-page","status-publish","hentry","entry"],"_links":{"self":[{"href":"http:\/\/www.orgullofriki.com\/25mayo\/wp-json\/wp\/v2\/pages\/292","targetHints":{"allow":["GET"]}}],"collection":[{"href":"http:\/\/www.orgullofriki.com\/25mayo\/wp-json\/wp\/v2\/pages"}],"about":[{"href":"http:\/\/www.orgullofriki.com\/25mayo\/wp-json\/wp\/v2\/types\/page"}],"author":[{"embeddable":true,"href":"http:\/\/www.orgullofriki.com\/25mayo\/wp-json\/wp\/v2\/users\/1"}],"replies":[{"embeddable":true,"href":"http:\/\/www.orgullofriki.com\/25mayo\/wp-json\/wp\/v2\/comments?post=292"}],"version-history":[{"count":2,"href":"http:\/\/www.orgullofriki.com\/25mayo\/wp-json\/wp\/v2\/pages\/292\/revisions"}],"predecessor-version":[{"id":311,"href":"http:\/\/www.orgullofriki.com\/25mayo\/wp-json\/wp\/v2\/pages\/292\/revisions\/311"}],"wp:attachment":[{"href":"http:\/\/www.orgullofriki.com\/25mayo\/wp-json\/wp\/v2\/media?parent=292"}],"curies":[{"name":"wp","href":"https:\/\/api.w.org\/{rel}","templated":true}]}}